 divisor of 38486 and 28?
14
What is the greatest common divisor of 41772 and 36?
12
Calculate the highest common factor of 7296 and 28443.
57
What is the greatest common factor of 1708556 and 76?
76
Calculate the greatest common divisor of 11 and 65318.
11
Calculate the highest common factor of 36 and 128394.
18
What is the greatest common factor of 945 and 110355?
105
What is the greatest common factor of 11693 and 121?
11
What is the highest common divisor of 755 and 389429?
151
Calculate the greatest common factor of 20118 and 1092.
42
Calculate the highest common factor of 94047 and 957.
87
What is the greatest common divisor of 344970 and 5?
5
What is the highest common divisor of 8784 and 3024?
144
What is the highest common divisor of 2187 and 57?
3
What is the highest common factor of 576 and 144?
144
Calculate the greatest common factor of 187564 and 156.
52
What is the greatest common divisor of 4952 and 4?
4
Calculate the highest common factor of 4410 and 1120.
70
Calculate the highest common factor of 252 and 111006.
126
What is the greatest common factor of 441416 and 115?
23
Calculate the greatest common divisor of 11321264 and 152.
152
What is the highest common factor of 34138 and 117?
13
What is the greatest common factor of 4389 and 88473?
231
Calculate the highest common divisor of 55 and 1408.
11
What is the highest common divisor of 803 and 242?
11
What is the highest common factor of 43763 and 321?
107
Calculate the highest common divisor of 599260 and 361.
361
What is the highest common divisor of 94764 and 954?
318
What is the highest common divisor of 283415 and 550?
55
Calculate the highest common factor of 21315 and 45.
15
What is the greatest common factor of 49799 and 19?
19
What is the greatest common divisor of 1079 and 5317?
13
Calculate the highest common divisor of 8 and 63020.
4
Calculate the greatest common divisor of 13 and 1100866.
13
What is the highest common divisor of 64862 and 20664?
574
Calculate the highest common factor of 351 and 91845.
117
Calculate the highest common divisor of 960240 and 12.
12
Calculate the highest common factor of 308483 and 7.
7
Calculate the greatest common divisor of 984 and 5976.
24
What is the highest common factor of 1976 and 108984?
152
Calculate the greatest common divisor of 1286 and 142.
2
What is the greatest common divisor of 1504 and 324817?
47
What is the greatest common factor of 21 and 257124?
21
What is the greatest common divisor of 189 and 31149?
9
What is the highest common divisor of 2951 and 117?
13
Calculate the highest common divisor of 154 and 679.
7
What is the greatest common factor of 55138 and 456?
38
What is the greatest common factor of 42 and 451353?
21
What is the highest common divisor of 81436 and 36?
4
What is the greatest common divisor of 4235 and 1785?
35
What is the greatest common factor of 162 and 58374?
54
Calculate the highest common factor of 48 and 215312.
16
What is the highest common factor of 194 and 3547678?
194
Calculate the greatest common factor of 9223 and 69.
23
What is the highest common divisor of 728 and 3465280?
728
What is the greatest common factor of 3 and 118808?
1
Calculate the highest common divisor of 126 and 7658.
14
What is the greatest common factor of 31540 and 26220?
380
Calculate the highest common divisor of 28334 and 11222.
62
What is the greatest common divisor of 464 and 12368?
16
Calculate the highest common factor of 261 and 55303.
29
What is the greatest common factor of 137055 and 210?
15
What is the greatest common divisor of 644449 and 557?
557
What is the greatest common factor of 851691 and 219?
219
Calculate the greatest common factor of 1299078 and 198.
198
What is the highest common divisor of 111576 and 96?
24
Calculate the highest common factor of 2010 and 9782.
134
What is the highest common divisor of 1221308 and 902?
902
Calculate the highest common factor of 5330112 and 23.
23
Calculate the highest common divisor of 215952 and 2640.
528
What is the greatest common divisor of 468 and 110565?
117
What is the highest common factor of 28914 and 13786?
122
What is the greatest common divisor of 22900 and 280?
20
What is the greatest common factor of 2204 and 10412?
76
Calculate the greatest common factor of 130906 and 122.
122
What is the greatest common factor of 57005 and 65?
65
Calculate the highest common factor of 266188 and 78.
26
What is the highest common divisor of 1140 and 84300?
60
What is the greatest common factor of 24 and 307240?
8
What is the highest common factor of 725 and 28425?
25
Calculate the greatest common factor of 658448 and 136.
8
What is the greatest common divisor of 250 and 139510?
10
Calculate the highest common factor of 29232 and 21744.
144
What is the highest common divisor of 604462 and 346?
346
What is the greatest common factor of 1165517 and 304?
19
Calculate the highest common divisor of 4928 and 66.
22
Calculate the highest common divisor of 6639 and 1106500.
2213
What is the greatest common divisor of 1428 and 30583?
119
Calculate the greatest common divisor of 136 and 822698.
34
Calculate the greatest common factor of 120 and 9768.
24
Calculate the greatest common divisor of 4732 and 140.
28
Calculate the highest common factor of 4 and 9788.
4
Calculate the greatest common factor of 39095 and 805.
35
Calculate the highest common divisor of 279654 and 12192.
762
What is the greatest common divisor of 131 and 696920?
131
Calculate the greatest common factor of 764 and 31897.
191
What is the greatest common divisor of 6 and 8193?
3
Calculate the greatest common factor of 166654 and 37214.
1618
What is the highest common divisor of 21 and 56644?
7
What is the greatest common divisor of 86184 and 25403?
133
Calculate the highest common factor of 84613 and 2674.
191
What is the highest common divisor of 786 and 230822?
262
Calculate the highest common factor of 18 and 60399.
9
What is the greatest common divisor of 1404 and 5286?
6
Calculate the highest common factor of 31755 and 6525.
435
Calculate the greatest common divisor of 3997 and 4172.
7
Calculate the greatest common factor of 124 and 95356.
124
What is the greatest common divisor of 63228 and 418?
22
Calculate the highest common factor of 177129 and 21.
3
What is the greatest common factor of 141980 and 1085?
155
What is the greatest common factor of 133132 and 996?
332
Calculate the highest common factor of 906066 and 658.
658
Calculate the highest common factor of 21620 and 506.
46
What is the greatest common divisor of 7860 and 300?
60
What is the greatest common divisor of 136 and 202028?
68
Calculate the greatest common factor of 44076 and 24.
12
Calculate the highest common divisor of 134772 and 24.
12
What is the greatest common factor of 91 and 3391206?
91
Calculate the highest common divisor of 2 and 34669.
1
Calculate the greatest common divisor of 6912 and 2076.
12
Calculate the highest common divisor of 1035 and 29003.
23
Calculate the greatest common factor of 8588 and 1808.
452
Calculate the greatest common divisor of 444 and 16613.
37
What is the greatest common factor of 1127 and 713?
23
What is the greatest common divisor of 88 and 4730?
22
Calculate the greatest common divisor of 136 and 11204.
4
What is the greatest common divisor of 144508 and 52?
52
Calculate the highest common divisor of 15834 and 2982.
42
Calculate the greatest common divisor of 132 and 82170.
66
Calculate the greatest common factor of 3 and 316201.
1
What is the highest common divisor of 4 and 95282?
2
Calculate the greatest common factor of 14450 and 6868.
34
What is the greatest common factor of 1400 and 2336?
8
Calculate the greatest common factor of 195749 and 244.
61
What is the highest common factor of 56 and 5385352?
56
What is the highest common divisor of 319109 and 14?
7
What is the highest common factor of 516 and 576?
12
What is the highest common factor of 2068 and 5828?
188
What is the highest common divisor of 266818 and 2414?
142
What is the greatest common divisor of 174 and 146392?
58
What is the greatest common factor of 1760 and 68860?
220
What is the greatest common divisor of 422 and 17513?
211
Calculate the greatest common divisor of 896 and 249536.
448
What is the greatest c